{"id":2844,"date":"2018-03-06T08:16:16","date_gmt":"2018-03-06T08:16:16","guid":{"rendered":"https:\/\/www.gavias-theme.com\/wp\/codesk\/?page_id=2844"},"modified":"2022-02-16T10:21:38","modified_gmt":"2022-02-16T10:21:38","slug":"volunteer","status":"publish","type":"page","link":"http:\/\/marcapueblo.ual.es\/?page_id=2844","title":{"rendered":"Integrantes"},"content":{"rendered":"\t\t<div data-elementor-type=\"wp-post\" data-elementor-id=\"2844\" class=\"elementor elementor-2844\">\n\t\t\t\t\t\t\t\t\t<section class=\"elementor-section elementor-top-section elementor-element elementor-element-460bc05 elementor-section-boxed elementor-section-height-default elementor-section-height-default\" data-id=\"460bc05\" data-element_type=\"section\">\n\t\t\t\t\t\t<div class=\"elementor-container elementor-column-gap-default\">\n\t\t\t\t\t<div class=\"elementor-column elementor-col-100 elementor-top-column elementor-element elementor-element-1b918ac column-style-top\" data-id=\"1b918ac\" data-element_type=\"column\">\n\t\t\t<div class=\"elementor-widget-wrap elementor-element-populated\">\n\t\t\t\t\t\t\t\t<div class=\"elementor-element elementor-element-5e47420 elementor-widget elementor-widget-gva-teams\" data-id=\"5e47420\" data-element_type=\"widget\" data-widget_type=\"gva-teams.default\">\n\t\t\t\t<div class=\"elementor-widget-container\">\n\t\t\t<div class=\"gva-element-gva-teams gva-element\">  \r\n  <div class=\"gva-teams-grid clearfix grid-4xkq\">\r\n      <div class=\"gva-content-items\"> \r\n        <div class=\"lg-block-grid-4 md-block-grid-2 sm-block-grid-2 xs-block-grid-2\">\r\n          <div class=\"item-columns\"><div class=\"team-block team-v2 \">\n\t\t\t<div class=\"team-image\">\n\t\t \t<a href=\"http:\/\/marcapueblo.ual.es\/?gva_team=antonio-jose-macias-ruano\"><img loading=\"lazy\" decoding=\"async\" width=\"180\" height=\"180\" src=\"http:\/\/marcapueblo.ual.es\/wp-content\/uploads\/2022\/02\/1Antonio-Jose-Macias-Ruano-180x180.png\" class=\"attachment-thumbnail size-thumbnail wp-post-image\" alt=\"\" \/><\/a>\n\t\t \t\t\t\t   <div class=\"socials-team\">\n\t\t     \t\t\t     \t\t   \n\t\t     \t\t\t\t   <\/div>\n\t\t\t\t\t<\/div>\n\t\t<div class=\"team-content\">  \n\t   <div class=\"team-content-inner\">\n         <div class=\"team-name\"><a href=\"http:\/\/marcapueblo.ual.es\/?gva_team=antonio-jose-macias-ruano\">Antonio Jos\u00e9 Mac\u00edas Ruano<\/a><\/div>\n   \t         <\/div>\n\t<\/div>\n   <\/div>  <\/div><div class=\"item-columns\"><div class=\"team-block team-v2 \">\n\t\t\t<div class=\"team-image\">\n\t\t \t<a href=\"http:\/\/marcapueblo.ual.es\/?gva_team=anselmo-carretero-gomez\"><img loading=\"lazy\" decoding=\"async\" width=\"180\" height=\"180\" src=\"http:\/\/marcapueblo.ual.es\/wp-content\/uploads\/2022\/02\/Anselmo-Carretero-180x180.png\" class=\"attachment-thumbnail size-thumbnail wp-post-image\" alt=\"\" \/><\/a>\n\t\t \t\t\t\t   <div class=\"socials-team\">\n\t\t     \t\t\t     \t\t   \n\t\t     \t\t\t\t   <\/div>\n\t\t\t\t\t<\/div>\n\t\t<div class=\"team-content\">  \n\t   <div class=\"team-content-inner\">\n         <div class=\"team-name\"><a href=\"http:\/\/marcapueblo.ual.es\/?gva_team=anselmo-carretero-gomez\">Anselmo Carretero G\u00f3mez<\/a><\/div>\n   \t         <\/div>\n\t<\/div>\n   <\/div>  <\/div><div class=\"item-columns\"><div class=\"team-block team-v2 \">\n\t\t\t<div class=\"team-image\">\n\t\t \t<a href=\"http:\/\/marcapueblo.ual.es\/?gva_team=francisco-javier-garcia-corral\"><img loading=\"lazy\" decoding=\"async\" width=\"180\" height=\"180\" src=\"http:\/\/marcapueblo.ual.es\/wp-content\/uploads\/2022\/02\/experiencia-13-e1548838839946-180x180.jpg\" class=\"attachment-thumbnail size-thumbnail wp-post-image\" alt=\"\" \/><\/a>\n\t\t \t\t\t\t   <div class=\"socials-team\">\n\t\t     \t\t\t     \t\t   \n\t\t     \t\t\t\t   <\/div>\n\t\t\t\t\t<\/div>\n\t\t<div class=\"team-content\">  \n\t   <div class=\"team-content-inner\">\n         <div class=\"team-name\"><a href=\"http:\/\/marcapueblo.ual.es\/?gva_team=francisco-javier-garcia-corral\">Francisco Javier Garc\u00eda Corral<\/a><\/div>\n   \t         <\/div>\n\t<\/div>\n   <\/div>  <\/div><div class=\"item-columns\"><div class=\"team-block team-v2 \">\n\t\t\t<div class=\"team-image\">\n\t\t \t<a href=\"http:\/\/marcapueblo.ual.es\/?gva_team=maria-esther-marruecos-rumi\"><img loading=\"lazy\" decoding=\"async\" width=\"180\" height=\"180\" src=\"http:\/\/marcapueblo.ual.es\/wp-content\/uploads\/2022\/02\/course_02-180x180.jpg\" class=\"attachment-thumbnail size-thumbnail wp-post-image\" alt=\"\" \/><\/a>\n\t\t \t\t\t\t   <div class=\"socials-team\">\n\t\t     \t\t\t     \t\t   \n\t\t     \t\t\t\t   <\/div>\n\t\t\t\t\t<\/div>\n\t\t<div class=\"team-content\">  \n\t   <div class=\"team-content-inner\">\n         <div class=\"team-name\"><a href=\"http:\/\/marcapueblo.ual.es\/?gva_team=maria-esther-marruecos-rumi\">Mar\u00eda Esther Marruecos Rum\u00ed<\/a><\/div>\n   \t         <\/div>\n\t<\/div>\n   <\/div>  <\/div><div class=\"item-columns\"><div class=\"team-block team-v2 \">\n\t\t\t<div class=\"team-image\">\n\t\t \t<a href=\"http:\/\/marcapueblo.ual.es\/?gva_team=jose-antonio-torres-arriaza\"><img loading=\"lazy\" decoding=\"async\" width=\"180\" height=\"180\" src=\"http:\/\/marcapueblo.ual.es\/wp-content\/uploads\/2018\/02\/Jose-Antonio-Torres-Arriaza-180x180.png\" class=\"attachment-thumbnail size-thumbnail wp-post-image\" alt=\"\" \/><\/a>\n\t\t \t\t\t\t   <div class=\"socials-team\">\n\t\t     \t\t\t     \t\t   \n\t\t     \t\t\t\t   <\/div>\n\t\t\t\t\t<\/div>\n\t\t<div class=\"team-content\">  \n\t   <div class=\"team-content-inner\">\n         <div class=\"team-name\"><a href=\"http:\/\/marcapueblo.ual.es\/?gva_team=jose-antonio-torres-arriaza\">Jos\u00e9 Antonio Torres Arriaza<\/a><\/div>\n   \t         <\/div>\n\t<\/div>\n   <\/div>  <\/div><div class=\"item-columns\"><div class=\"team-block team-v2 \">\n\t\t\t<div class=\"team-image\">\n\t\t \t<a href=\"http:\/\/marcapueblo.ual.es\/?gva_team=nuria-rueda-lopez\"><img loading=\"lazy\" decoding=\"async\" width=\"180\" height=\"180\" src=\"http:\/\/marcapueblo.ual.es\/wp-content\/uploads\/2022\/02\/FotoNuria2963-203x203-1-180x180.png\" class=\"attachment-thumbnail size-thumbnail wp-post-image\" alt=\"\" \/><\/a>\n\t\t \t\t\t\t   <div class=\"socials-team\">\n\t\t     \t\t\t     \t\t   \n\t\t     \t\t\t\t   <\/div>\n\t\t\t\t\t<\/div>\n\t\t<div class=\"team-content\">  \n\t   <div class=\"team-content-inner\">\n         <div class=\"team-name\"><a href=\"http:\/\/marcapueblo.ual.es\/?gva_team=nuria-rueda-lopez\">Nuria Rueda L\u00f3pez<\/a><\/div>\n   \t         <\/div>\n\t<\/div>\n   <\/div>  <\/div><div class=\"item-columns\"><div class=\"team-block team-v2 \">\n\t\t\t<div class=\"team-image\">\n\t\t \t<a href=\"http:\/\/marcapueblo.ual.es\/?gva_team=jose-antonio-cordero-garcia\"><img loading=\"lazy\" decoding=\"async\" width=\"180\" height=\"180\" src=\"http:\/\/marcapueblo.ual.es\/wp-content\/uploads\/2022\/02\/cordero-568x568-1-180x180.png\" class=\"attachment-thumbnail size-thumbnail wp-post-image\" alt=\"\" \/><\/a>\n\t\t \t\t\t\t   <div class=\"socials-team\">\n\t\t     \t\t\t     \t\t   \n\t\t     \t\t\t\t   <\/div>\n\t\t\t\t\t<\/div>\n\t\t<div class=\"team-content\">  \n\t   <div class=\"team-content-inner\">\n         <div class=\"team-name\"><a href=\"http:\/\/marcapueblo.ual.es\/?gva_team=jose-antonio-cordero-garcia\">Jos\u00e9 Antonio Cordero Garc\u00eda<\/a><\/div>\n   \t         <\/div>\n\t<\/div>\n   <\/div>  <\/div><div class=\"item-columns\"><div class=\"team-block team-v2 \">\n\t\t\t<div class=\"team-image\">\n\t\t \t<a href=\"http:\/\/marcapueblo.ual.es\/?gva_team=jaime-de-pablo-valenciano\"><img loading=\"lazy\" decoding=\"async\" width=\"180\" height=\"180\" src=\"http:\/\/marcapueblo.ual.es\/wp-content\/uploads\/2022\/02\/Jaime-de-Pablo-180x180.png\" class=\"attachment-thumbnail size-thumbnail wp-post-image\" alt=\"\" \/><\/a>\n\t\t \t\t\t\t   <div class=\"socials-team\">\n\t\t     \t\t\t     \t\t   \n\t\t     \t\t\t\t   <\/div>\n\t\t\t\t\t<\/div>\n\t\t<div class=\"team-content\">  \n\t   <div class=\"team-content-inner\">\n         <div class=\"team-name\"><a href=\"http:\/\/marcapueblo.ual.es\/?gva_team=jaime-de-pablo-valenciano\">Jaime De Pablo Valenciano<\/a><\/div>\n   \t         <\/div>\n\t<\/div>\n   <\/div>  <\/div><div class=\"item-columns\"><div class=\"team-block team-v2 \">\n\t\t\t<div class=\"team-image\">\n\t\t \t<a href=\"http:\/\/marcapueblo.ual.es\/?gva_team=rosa-martinez-vazquez\"><img loading=\"lazy\" decoding=\"async\" width=\"180\" height=\"180\" src=\"http:\/\/marcapueblo.ual.es\/wp-content\/uploads\/2018\/03\/IMG_20181130_130608-marca-pueblo-180x180.jpg\" class=\"attachment-thumbnail size-thumbnail wp-post-image\" alt=\"\" \/><\/a>\n\t\t \t\t\t\t   <div class=\"socials-team\">\n\t\t     \t\t\t     \t\t   \n\t\t     \t\t\t\t   <\/div>\n\t\t\t\t\t<\/div>\n\t\t<div class=\"team-content\">  \n\t   <div class=\"team-content-inner\">\n         <div class=\"team-name\"><a href=\"http:\/\/marcapueblo.ual.es\/?gva_team=rosa-martinez-vazquez\">Rosa Mar\u00eda Mart\u00ednez V\u00e1zquez<\/a><\/div>\n   \t         <\/div>\n\t<\/div>\n   <\/div>  <\/div><div class=\"item-columns\"><div class=\"team-block team-v2 \">\n\t\t\t<div class=\"team-image\">\n\t\t \t<a href=\"http:\/\/marcapueblo.ual.es\/?gva_team=juan-milan-garcia\"><img loading=\"lazy\" decoding=\"async\" width=\"180\" height=\"180\" src=\"http:\/\/marcapueblo.ual.es\/wp-content\/uploads\/2018\/03\/Juan-Milan-180x180.jpg\" class=\"attachment-thumbnail size-thumbnail wp-post-image\" alt=\"\" \/><\/a>\n\t\t \t\t\t\t   <div class=\"socials-team\">\n\t\t     \t\t\t     \t\t   \n\t\t     \t\t\t\t   <\/div>\n\t\t\t\t\t<\/div>\n\t\t<div class=\"team-content\">  \n\t   <div class=\"team-content-inner\">\n         <div class=\"team-name\"><a href=\"http:\/\/marcapueblo.ual.es\/?gva_team=juan-milan-garcia\">Juan Mil\u00e1n Garc\u00eda<\/a><\/div>\n   \t         <\/div>\n\t<\/div>\n   <\/div>  <\/div><div class=\"item-columns\"><div class=\"team-block team-v2 \">\n\t\t\t<div class=\"team-image\">\n\t\t \t<a href=\"http:\/\/marcapueblo.ual.es\/?gva_team=manuel-recio-menendez\"><img loading=\"lazy\" decoding=\"async\" width=\"180\" height=\"180\" src=\"http:\/\/marcapueblo.ual.es\/wp-content\/uploads\/2022\/02\/Manuel-Recio-180x180.png\" class=\"attachment-thumbnail size-thumbnail wp-post-image\" alt=\"\" \/><\/a>\n\t\t \t\t\t\t   <div class=\"socials-team\">\n\t\t     \t\t\t     \t\t   \n\t\t     \t\t\t\t   <\/div>\n\t\t\t\t\t<\/div>\n\t\t<div class=\"team-content\">  \n\t   <div class=\"team-content-inner\">\n         <div class=\"team-name\"><a href=\"http:\/\/marcapueblo.ual.es\/?gva_team=manuel-recio-menendez\">Manuel Recio Men\u00e9ndez<\/a><\/div>\n   \t         <\/div>\n\t<\/div>\n   <\/div>  <\/div><div class=\"item-columns\"><div class=\"team-block team-v2 \">\n\t\t\t<div class=\"team-image\">\n\t\t \t<a href=\"http:\/\/marcapueblo.ual.es\/?gva_team=juan-uribe-toril\"><img loading=\"lazy\" decoding=\"async\" width=\"180\" height=\"180\" src=\"http:\/\/marcapueblo.ual.es\/wp-content\/uploads\/2018\/02\/Juan-Uribe-180x180.png\" class=\"attachment-thumbnail size-thumbnail wp-post-image\" alt=\"\" \/><\/a>\n\t\t \t\t\t\t   <div class=\"socials-team\">\n\t\t     \t\t\t     \t\t   \n\t\t     \t\t\t\t   <\/div>\n\t\t\t\t\t<\/div>\n\t\t<div class=\"team-content\">  \n\t   <div class=\"team-content-inner\">\n         <div class=\"team-name\"><a href=\"http:\/\/marcapueblo.ual.es\/?gva_team=juan-uribe-toril\">Juan Uribe Toril<\/a><\/div>\n   \t         <\/div>\n\t<\/div>\n   <\/div>  <\/div><div class=\"item-columns\"><div class=\"team-block team-v2 \">\n\t\t\t<div class=\"team-image\">\n\t\t \t<a href=\"http:\/\/marcapueblo.ual.es\/?gva_team=jose-luis-ruiz-real\"><img loading=\"lazy\" decoding=\"async\" width=\"180\" height=\"180\" src=\"http:\/\/marcapueblo.ual.es\/wp-content\/uploads\/2022\/02\/joseluis-445x445-1-180x180.jpg\" class=\"attachment-thumbnail size-thumbnail wp-post-image\" alt=\"\" \/><\/a>\n\t\t \t\t\t\t   <div class=\"socials-team\">\n\t\t     \t\t\t     \t\t   \n\t\t     \t\t\t\t   <\/div>\n\t\t\t\t\t<\/div>\n\t\t<div class=\"team-content\">  \n\t   <div class=\"team-content-inner\">\n         <div class=\"team-name\"><a href=\"http:\/\/marcapueblo.ual.es\/?gva_team=jose-luis-ruiz-real\">Jos\u00e9 Luis Ruiz Real<\/a><\/div>\n   \t         <\/div>\n\t<\/div>\n   <\/div>  <\/div><div class=\"item-columns\"><div class=\"team-block team-v2 \">\n\t\t\t<div class=\"team-image\">\n\t\t \t<a href=\"http:\/\/marcapueblo.ual.es\/?gva_team=jose-luis-caparros-martinez\"><img loading=\"lazy\" decoding=\"async\" width=\"180\" height=\"180\" src=\"http:\/\/marcapueblo.ual.es\/wp-content\/uploads\/2022\/02\/Jose-Luis-Caparros-Martinez-180x180.jpg\" class=\"attachment-thumbnail size-thumbnail wp-post-image\" alt=\"\" \/><\/a>\n\t\t \t\t\t\t   <div class=\"socials-team\">\n\t\t     \t\t\t     \t\t   \n\t\t     \t\t\t\t   <\/div>\n\t\t\t\t\t<\/div>\n\t\t<div class=\"team-content\">  \n\t   <div class=\"team-content-inner\">\n         <div class=\"team-name\"><a href=\"http:\/\/marcapueblo.ual.es\/?gva_team=jose-luis-caparros-martinez\">Jos\u00e9 Luis Caparr\u00f3s Mart\u00ednez<\/a><\/div>\n   \t         <\/div>\n\t<\/div>\n   <\/div>  <\/div>        <\/div>\r\n      <\/div>\r\n                <div class=\"pagination\">\r\n                        <\/div>\r\n        <\/div>\r\n  <\/div>\t\t<\/div>\n\t\t\t\t<\/div>\n\t\t\t\t\t<\/div>\n\t\t<\/div>\n\t\t\t\t\t\t\t<\/div>\n\t\t<\/section>\n\t\t\t\t\t\t\t<\/div>\n\t\t","protected":false},"excerpt":{"rendered":"<p>Francisco Javier Garc\u00eda Corral Juan Uribe Toril Jos\u00e9 Antonio Torres Arriaza Mar\u00eda Esther Marruecos Rum\u00ed Rosa Mar\u00eda Mart\u00ednez V\u00e1zquez Jaime De Pablo Valenciano Juan Mil\u00e1n Garc\u00eda Nuria Rueda L\u00f3pez Manuel [&hellip;]<\/p>\n","protected":false},"author":1,"featured_media":0,"parent":0,"menu_order":0,"comment_status":"closed","ping_status":"closed","template":"","meta":{"footnotes":""},"class_list":["post-2844","page","type-page","status-publish","hentry"],"_links":{"self":[{"href":"http:\/\/marcapueblo.ual.es\/index.php?rest_route=\/wp\/v2\/pages\/2844","targetHints":{"allow":["GET"]}}],"collection":[{"href":"http:\/\/marcapueblo.ual.es\/index.php?rest_route=\/wp\/v2\/pages"}],"about":[{"href":"http:\/\/marcapueblo.ual.es\/index.php?rest_route=\/wp\/v2\/types\/page"}],"author":[{"embeddable":true,"href":"http:\/\/marcapueblo.ual.es\/index.php?rest_route=\/wp\/v2\/users\/1"}],"replies":[{"embeddable":true,"href":"http:\/\/marcapueblo.ual.es\/index.php?rest_route=%2Fwp%2Fv2%2Fcomments&post=2844"}],"version-history":[{"count":10,"href":"http:\/\/marcapueblo.ual.es\/index.php?rest_route=\/wp\/v2\/pages\/2844\/revisions"}],"predecessor-version":[{"id":8375,"href":"http:\/\/marcapueblo.ual.es\/index.php?rest_route=\/wp\/v2\/pages\/2844\/revisions\/8375"}],"wp:attachment":[{"href":"http:\/\/marcapueblo.ual.es\/index.php?rest_route=%2Fwp%2Fv2%2Fmedia&parent=2844"}],"curies":[{"name":"wp","href":"https:\/\/api.w.org\/{rel}","templated":true}]}}